x**3 + 8*x**2 + x + 4. What is the units digit of g(h)?
2
Let z be 5*1 + (-4)/4. Suppose 24 = 3*c + v, 3*c - z*v - 6 = 33. What is the units digit of c?
9
Let q = 891 - 584. What is the tens digit of q?
0
Suppose 2*u + 0*u - 3*c - 16 = 0, 0 = -4*u - c + 4. Let y be (-3)/u*(-10)/(-15). What is the units digit of y + 4 + -2 - -3?
4
Let p(l) be the second derivative of 0 + l - 1/6*l**3 + 1/12*l**4 + 2*l**2. What is the units digit of p(0)?
4
Let y = -2 - -3. Let r be -3 + (0 - 1) + y. What is the units digit of (54/24)/(r/(-8))?
6
Suppose o - 2*r = 2*r + 32, 5*o - 3*r - 92 = 0. What is the tens digit of o?
1
Suppose 13*i = 16*i - 402. Let u = i - 94. What is the tens digit of u?
4
Suppose 0 = -2*a + 93 - 11. What is the tens digit of a?
4
What is the units digit of (-2)/(-3)*(8 + 82)?
0
Suppose -3 = -t - 1. Let h(p) = -13 + p**t + 0*p**2 + 5 + 4*p + 0*p. What is the units digit of h(-6)?
4
Let k(w) = 18*w**3 - w**2 + w - 1. Suppose o - 4*o + 3 = 0. Let g be k(o). Let f = g + -2. What is the units digit of f?
5
Let u(a) = a**3 - 3*a**2 + 2*a + 1. Let o be u(2). Let b(z) = -z - 2. Let s be b(-1). What is the units digit of o/((-8)/(-6) + s)?
3
Suppose 2*q - 180 = -3*q. What is the tens digit of q?
3
Suppose -4*z + 3*y + 30 = 9, -2*z + 5*y + 21 = 0. Suppose 5*p = -z*v + 5, -6*p + 4 = -2*p. Suppose v = -4*u + u + 39. What is the tens digit of u?
1
Let o(y) = -y**2 - 8*y - 4. Let s = 19 - 4. Suppose -z + 0*z - s = -5*d, -3*z - 3*d - 9 = 0. What is the units digit of o(z)?
1
Let h = -17 + 9. Let a = 10 - h. What is the units digit of a?
8
Let y(j) = 3*j**2 - 9*j + 6. What is the tens digit of y(6)?
6
Suppose -2*x = -c - 14, 5*c + 0*x + 57 = -3*x. Let f(n) = -n - 12. Let p be f(c). Suppose 2*b - 12 - 12 = p. What is the tens digit of b?
1
Let b be (-4)/16 + 1/4. Suppose b = -5*d + 2*d + 12. Suppose -d = -c + 4. What is the units digit of c?
8
Let o = 5 - 11. What is the tens digit of (-6)/(-9) + (-158)/o?
2
Let f(v) = -v**3 + 4*v**2 + 3*v + 1. What is the tens digit of f(4)?
1
Suppose 0*j = 2*j - i - 13, -4*j + 5*i + 41 = 0. Let h(u) be the second derivative of u**5/20 - u**4/3 + u**3/3 + u. What is the units digit of h(j)?
8
Let p = -115 + 202. Let d = -57 + p. Let m = d - 18. What is the units digit of m?
2
Suppose -4*n + 22 = -2. Suppose -y = -n - 6. What is the units digit of y?
2
Let p(u) = 2*u**2 - 2*u - 2. What is the units digit of p(2)?
2
Let s = 155 + -61. What is the units digit of s?
4
Let h be (-3 - -18)/(6/(-4)). Let o = h + 21. What is the units digit of o?
1
Let a(y) be the second derivative of 1/12*y**4 - y**3 + 0 - y - 3/2*y**2. What is the units digit of a(7)?
4
What is the tens digit of 42/(1/3*3)?
4
What is the units digit of (25/(-15))/(1/(-3))?
5
Let n(o) = 5*o + 12. What is the tens digit of n(5)?
3
Let d be -1*3/(-3) - 0. Let g(z) = 3*z**2 - 2*z + 1. Let j be g(d). Suppose -j*a + 0 = -18. What is the units digit of a?
9
Let s(x) = -x**3 + 5*x**2 - 4*x + 2. Let q be s(4). Suppose q*a = -2 + 46. What is the tens digit of a?
2
Let n(c) = c**2 - 5*c + 2. Let d be n(5). Suppose -70 = -d*r - y, -y + 3*y + 148 = 4*r. What is the tens digit of r?
3
Let i = 10 + -6. What is the units digit of -1*(3 - i) - -5?
6
Suppose 648 = -q + 9*q. What is the tens digit of q?
8
Suppose -3*w - 210 = -f, 2*w - 815 - 235 = -5*f. What is the units digit of f?
0
Let i(a) = 32*a**2 + 5*a - 7. What is the hundreds digit of i(-3)?
2
What is the units digit of -7 + (-3)/(-1) - -52?
8
Let z = -131 + 195. What is the units digit of z?
4
Let j = 122 + -49. Suppose -4*v - 17 + j = 0. What is the units digit of v?
4
Suppose 4*l - 8 = 4*z, 18 = -3*l - 4*z + 59. What is the units digit of 5/l + 2/7?
1
Let i(m) = -7*m**2 + 1. Let w be i(1). Let h be ((-3)/w + -1)*0. Suppose 2*g + g - 9 = h. What is the units digit of g?
3
Let g(q) = q**3 - 2*q**2 - 17*q - 40. What is the hundreds digit of g(9)?
3
Suppose -42 = 5*v - 132. What is the tens digit of v?
1
Let g(k) = -k**2 + 10*k - 11. Let c be g(6). Let p = 2 + -2. What is the tens digit of (p + c)*(2 + -1)?
1
Let g(r) = -r**2 + r + 12. Let x be g(0). Let i = 9 + x. Let o = i + -10. What is the tens digit of o?
1
Let x(i) = 6*i + 26. Let u be x(-6). Let m(y) = -6 + y**3 + 9*y + 11*y**2 + 7*y**2 - 7*y**2. What is the units digit of m(u)?
4
Suppose -4*w - 20 = -2*w. Let d(r) = -3*r - 10. What is the tens digit of d(w)?
2
Let q(n) = n**2 - 8*n + 9. Let f be q(6). Let x = 4 - f. Suppose -4*z - 8 = 0, 2*z - 28 = -t + x*z. What is the tens digit of t?
1
Let k be (-3)/6 - 22/(-4). Suppose -k*x + t = -29, -5 = -x - t - 4. What is the units digit of x?
5
Let a = 8 - 5. Suppose a*n = -j - 0*j + 22, 5*n - 42 = -3*j. What is the units digit of n?
6
Let x(m) = 2*m**2 - 3*m + 2. Let f be x(2). What is the tens digit of 0 + (4*f - 2)?
1
What is the tens digit of (1 - (-301)/3) + (-30)/(-45)?
0
Let j(u) = 7*u + 3. Let m be j(-2). Let r be m/3 - 10/(-15). What is the units digit of (-7)/(-4) + r/(-12)?
2
Suppose 4*y = r + 571, -3*r + 0*r - 417 = -3*y. What is the units digit of y?
4
Let o(m) = m**3 - m**2 - 14*m + 15. What is the tens digit of o(6)?
1
Let v be 27/9 - 9*-1. Let k = -10 + v. What is the units digit of k?
2
Let s(n) = n + 31. What is the units digit of s(0)?
1
Let s(k) = k**3 - 7*k**2 - 1. Let h be s(7). Let d = h - -5. What is the units digit of d?
4
Let x(f) = f**2 - 11*f - 1. Let g(q) = q. Let p(m) = 5*g(m) - x(m). What is the units digit of p(12)?
9
Suppose 0*p + p - 52 = 0. What is the tens digit of p?
5
Let f = -150 + 351. What is the hundreds digit of f?
2
Let k(p) = -2 - p**3 + 11 - 6*p**2 - p - p**2 + 2*p**3. Let l be k(7). Suppose 0*q + 6 = l*q - 3*r, -5*r = 5*q - 15. What is the units digit of q?
3
Let n = -141 + 292. What is the hundreds digit of n?
1
Suppose 104 = 5*q - 116. What is the units digit of q?
4
Suppose -s + 88 = 3*s. What is the units digit of s?
2
Let q(y) = 9*y - 1. Let g be (0 + -2 + 3)*0. Suppose 0 = -5*k - 2*u + 7, -4 = -3*k - u - g. What is the units digit of q(k)?
8
Let a = 12 + -8. Let q(d) = -3*d + 2 - 2*d**2 + 0*d**2 + a*d**2. What is the units digit of q(2)?
4
Let l = -67 - -37. What is the units digit of l/(-8) - 3/4?
3
Let r = -6 + 8. Let p = 27 - 27. Suppose -5*z - q - 5 + 30 = p, 3*q - 7 = r*z. What is the units digit of z?
4
Let t = -5 - -7. Suppose -20 = -t*h + 14. Suppose -5*c + x = -2 - h, x + 4 = 0. What is the units digit of c?
3
Suppose 2*s = -2*w + 44, 0 = -4*s - 3*w + 104 - 15. What is the tens digit of s?
2
Let d = 88 - 44. What is the tens digit of d?
4
What is the units digit of (-10)/(-1) + (5 - 1)?
4
Suppose -n - 2*n = -9. Suppose 4*p - 5*a + 42 = 0, 4*p + n*a + 0*a = -26. What is the units digit of (p/(-12))/((-2)/(-6))?
2
Let v(l) = -l**2. Let c(k) = -3*k**2 - 12*k + 12. Let x(g) = -c(g) + 2*v(g). What is the units digit of x(-14)?
6
Let r be 74/3 - 2/3. What is the tens digit of (r/9)/(2/15)?
2
Let b(g) be the second derivative of -g**4/12 + 7*g**3/6 + 2*g**2 - 7*g. Suppose -2*q + 3*p = -0*p - 29, 0 = 4*q - 3*p - 43. What is the units digit of b(q)?
4
Let h(g) = g**2 + 3*g + 2. Let w be h(-3). Let o = w + 0. What is the units digit of o?
2
Let x(b) = b**3 + 13*b**2 - 8*b - 16. What is the units digit of x(-13)?
8
Suppose 5*i = 5 + 5. Suppose -i*v - 2*v = -12. Suppose 5*t - 4*s - 42 = 0, v*s = -5*t + 4*s + 33. What is the units digit of t?
6
Let z(k) = 5*k. Let x(l) = -l**2 - 4*l + 3. Let u be x(-5). Let p be z(u). What is the units digit of (-1)/(2/p + 0)?
5
Suppose 2*v = -3 + 15. What is the units digit of 2/(5/(15/v))?
1
Suppose -4*o + o = -87. What is the tens digit of o?
2
Suppose -c + 12 = -84. What is the units digit of c?
6
Suppose -2*j = 4*x, 3*x = 3*j + 4*x - 15. Suppose 2*b - j = 5*n - 3*n, -12 = -4*n. What is the units digit of b?
6
Let m(n) = -4 + 3*n + 6 - 4*n**2 - 3. Let k be m(2). What is the units digit of 3/12 + k/(-4)?
3
Suppose 238 = y + t, 4*y + t = -2*t + 953. What is the hundreds digit of y?
2
Let v = 40 + -105. What is the units digit of (-1)/2 - v/10?
6
Let h be ((-16)/20)/(1/(-10)). Suppose h + 2 = 2*m. What is the units digit of m?
5
Let r be (-18)/4*2/(-3). Suppose -w + 6*w - 41 = d, -r*w = -2*d - 19. Suppose -2*k + w = -11. What is the units digit of k?
0
Let z = 8 - -25. What is the units digit of z?
3
Let y(a) = -a**3 + 5*a**2 - 3*a 